).
-1
Let y be 2*(-3)/9*-6. Suppose 16 = y*z - 56. Suppose 5*l - z = 4*r, -4*l + 4*r = -23 + 7. Let u(p) = -p**2 + 5*p - 3. Determine u(l).
3
Let u(t) = 6*t**2 - t**3 + 1 + 0 + 4*t - 11*t. Let a(f) = f**2 - 4. Let w be a(-3). Calculate u(w).
-9
Let g be (-10)/25 + 2/5. Let z(p) = 4*p**2 + 1 - p - 5*p**2 - 7 + 0*p. Give z(g).
-6
Let i(q) be the second derivative of q**5/40 - q**3/2 + 2*q. Let v(b) be the second derivative of i(b). What is v(3)?
9
Let c = 13 + -19. Let d(x) = x**3 + 7*x**2 + 4*x + 6. Calculate d(c).
18
Let i(j) = j**3 - j + 1. Let l(h) = -4*h**3 + 5*h**2 + 6*h - 9. Let w(n) = -5*i(n) - l(n). Let c = 21 + -17. Suppose c*t + 19 - 3 = 0. Give w(t).
-8
Let z(m) = 5*m + 4 - 1 - 2. Let g be (-5 - (-16)/4) + 0. Give z(g).
-4
Let w(i) = -i**3 - 5*i**2 + 3*i + 5. Let x = -6 - -1. Let o(g) = g**3 + 5*g**2 - 4*g - 6. Let y(r) = x*w(r) - 4*o(r). Give y(-5).
-6
Let s be -5*(3 + -2)*1. Let l(w) = 2*w + 3. What is l(s)?
-7
Let p(v) = 11*v - 1. Let o(c) = -2*c - 1. Let g(u) = -6*o(u) - p(u). Determine g(-3).
4
Let k(n) = 3*n + 3 - 4 - n**2 + 1 - 2. What is k(3)?
-2
Let k(p) = 3*p - 12 + p**2 - 2*p**2 + 3*p + 15. Calculate k(5).
8
Let u(b) be the third derivative of b**6/720 + b**5/60 - b**4/24 - 2*b**2. Let i(r) be the second derivative of u(r). Let x be (-3)/15 + (-9)/5. What is i(x)?
0
Let x(g) be the third derivative of g**5/60 - 5*g**4/24 + 2*g**3/3 + 3*g**2. Let q be (-8 - -2)/(6/(-4)). Suppose 0*u + q*u = 12. What is x(u)?
-2
Let x = 12 - 5. Let d(k) = -k**3 + 6*k**2 + 8*k - 8. What is d(x)?
-1
Let x(f) = -3*f + 2. Suppose 3*m + 32 = -m. Let b = m - -5. Determine x(b).
11
Let g(h) = -5*h + 1. Let i(r) = 56*r - 12. Let u(a) = 68*g(a) + 6*i(a). Calculate u(-4).
12
Let y(m) be the first derivative of -m**2 - 5/3*m**3 - 1/4*m**4 - 2 - m. Give y(-5).
9
Let p(r) be the first derivative of 5*r**2/2 - r + 1. Let n = -12 - -13. Determine p(n).
4
Let i(b) = -b**2 + 6*b + 3. Let d = -10 - -14. Suppose 30 = 5*o - 5*x, d*x = 2*x - 6. Suppose 3*w - 22 = -o*f - 4, 5*f = 3*w - 10. Give i(w).
8
Let d(m) = -4 + 2*m - 3*m + 5 - 4*m**2. Let i(u) = -u**2 + 5. Let r be i(-2). Give d(r).
-4
Suppose 0 = 3*o - 2*o - 6. Let g(b) = -2 - 2 + 2*b + o. Give g(-6).
-10
Let q(m) = 2*m**3 - 4*m**2 + 2*m. Suppose -3 = -4*n + 5. Calculate q(n).
4
Let l(f) = f**2 + 6*f + 2. Let d be l(-4). Let z = d + 8. Let p(u) = -4*u + 2. Give p(z).
-6
Let q(d) = -2*d + 2. Let f be q(2). Let v(m) = -m**2 + 2*m - 4. Let x(p) = -6*p**2 + 11*p - 21. Let k(i) = 11*v(i) - 2*x(i). What is k(f)?
2
Let z = -3 + 7. Let u(f) = f**3 - 4*f**2 + 2*f - 5. What is u(z)?
3
Let p(v) = -v**2 + 5*v + 5. Let n(i) = i**3 + 7*i**2 - 8*i + 5. Let s be n(-8). Calculate p(s).
5
Let v(j) = 4*j**2 + 1. Suppose -3*w + 1 + 0 = -2*b, w = -3*b - 7. Determine v(w).
5
Suppose -3*t + 12 = -t. Let l(c) = c**2 - 6*c - 2. What is l(t)?
-2
Let f(w) = -w**3 + 5*w**2 + 2. Suppose -3*u = 5*b + 1, 3*u + b - 9 = 10. Let k(j) = -j**3 + 9*j**2 - 6*j - 11. Let g be k(u). What is f(g)?
2
Let g(o) = -7*o - 5. Let l(w) = -3*w - 3. Let z(q) = -4*g(q) + 9*l(q). Determine z(9).
2
Let j(w) be the second derivative of w**6/360 - w**5/60 - w**4/6 + w**3/6 + 2*w. Let b(c) be the second derivative of j(c). Calculate b(3).
-1
Let j(i) = 5*i + 7 - 8*i**2 + 2*i**2 + 5*i**2. What is j(7)?
-7
Let h(x) = x + 5. Let o be h(-5). Suppose o*y + 6 = 2*y. Let j(l) = l**2 - 4*l. Give j(y).
-3
Let z be 4/10 + 39/15. Suppose -k + z = -1. Let m(o) = k + 3 - 4 + o. Calculate m(-5).
-2
Suppose w = -w + 8. Let z(o) = 7 - 11 + o + 1. Determine z(w).
1
Let t = 67 + -65. Let c(a) = -2*a**3 - a + 1. Give c(t).
-17
Let r(a) = -a**3 + 2*a**2 - 2*a - 1. Suppose -2*i - i + 18 = -3*n, 5*i = -4*n - 15. Let u(q) = q**3 + 2*q - 1. Let j be u(i). Determine r(j).
-5
Let l(q) = 5*q**2 - q - 1. Let d(n) = -n. Let a(i) = d(i) + l(i). Calculate a(-1).
6
Let c = -49 + 55. Let q(i) = -i**3 + 5*i**2 + 7*i - 6. Calculate q(c).
0
Let d(l) = -1. Let a(c) be the third derivative of -c**5/30 + c**4/12 - c**3 - 4*c**2. Let m(g) = -a(g) + 6*d(g). Calculate m(2).
4
Let h(f) = -f - 1. Let w = 38 + -44. Give h(w).
5
Let y(f) = -f + 10. Let m(q) = -7*q**3 - 7*q**2 + 14*q + 6. Let i(c) = 20*c**3 + 21*c**2 - 41*c - 17. Let t(b) = -6*i(b) - 17*m(b). Let s be t(-8). Give y(s).
10
Let s(g) = 3*g - 5*g - 3 - 1. Suppose -3*d + 2*b = -32, 2*d + 8*b = 3*b + 15. Let n be (-1 + 2)/((-2)/d). Give s(n).
6
Let q(s) = s**3 + 6*s**2 + 4*s. Let h(b) = -b**3 - 6*b**2 - 4*b. Let w(d) = -7*h(d) - 6*q(d). What is w(-5)?
5
Let z(t) = -2*t**2 - 2*t - 3. Let l = -1 + 5. Let u(s) = 6*s**2 + 6*s + 10. Let a(r) = l*u(r) + 14*z(r). Give a(-2).
-10
Suppose 0 = 3*t - 0*t + 5*d - 32, 2*d = -5*t + 47. Let y = -12 + t. Let q(r) = -r**2 - 2*r + 2. Calculate q(y).
-1
Let g(h) = h**3 - 3*h**2 - 2. Let a(i) = -i + 13. Let m be a(7). Let w = m + -3. Determine g(w).
-2
Suppose 10 = 2*w, -17 = -2*h - h - w. Let p = -1 + h. Suppose 4*b - 3*b = -p. Let n(g) = g**3 + 3*g**2 + 4*g + 4. Determine n(b).
-8
Let s(q) = -q**2 - 15*q + 5. Let p be s(-15). Let g(z) be the second derivative of -2*z + 1/6*z**3 - 3*z**2 + 0. Give g(p).
-1
Let f(i) be the third derivative of -i**4/24 - 6*i**2. What is f(-1)?
1
Let g(x) be the second derivative of -x**5/20 + x**3/3 + x**2/2 - 5*x. Determine g(-2).
5
Suppose -6 = 2*f + f. Let k(d) = 0*d**2 + 0*d**2 - 2*d - 3 + d**3. Determine k(f).
-7
Let f(j) = 3*j + 6. Suppose 0 = -5*y - 4*z + 31, -6 - 9 = -2*y + z. Let s(k) = -8 + 0 + 11 - k. Let h be s(y). Calculate f(h).
-6
Let d(f) = -f - 1. Suppose 0 = -c - 2*w + 15, -2*c = 3*w - 25. Suppose 0 = -4*t - 25 + c. What is d(t)?
4
Suppose -4*c = 2 - 18. Let d(u) = c + u**2 - u - 2*u**2 + 5*u - 1. Give d(4).
3
Let q(k) be the first derivative of -2*k**3/3 + 2*k**2 - 4*k - 20. Calculate q(3).
-10
Let k(j) be the second derivative of j**3/6 - 5*j**2/2 - 12*j. Determine k(3).
-2
Let z(t) = t**2 + t + 1. Let g(s) = s**3 + 9*s**2 + 6*s - 19. Let m be g(-8). Give z(m).
7
Suppose 5*l + 5*f = 25, 5*f - 7 = l - 0*l. Let m(q) = -2*q + 6. Let j(u) = 3*u - 12. Let n(g) = l*j(g) + 5*m(g). Calculate n(0).
-6
Let v(b) = -3*b + 4. Let x(t) be the third derivative of t**4/8 + t**3/2 + t**2. Let m be x(0). Determine v(m).
-5
Let r(f) = f**3 - 5*f**2 + 2*f - 4. Let b(h) = -4*h + 2*h + 0*h + 2 - h + 2*h**2. Let a be b(2). Suppose -2*c + 6 = 0, 3*t - a*c = 2*t - 7. Determine r(t).
6
Let c(t) = -t**2 + 2*t + 4. Let x(d) = -d**3 - d**2 + 2*d + 2. Let s be x(-2). Suppose s*i + 25 = 7*i. Give c(i).
-11
Let s(y) = 0*y + 2 + 3*y - 8*y + y. Let i be s(1). Let o be (8/(-2))/(i - -4). Let x(p) = -2*p**3 - 3*p**2 + 1. What is x(o)?
5
Let y(b) = -7*b**2 + b + 1. Suppose 2*i + 1 = 3, -3*d = -i - 5. Suppose -1 = -d*u - 3. Determine y(u).
-7
Let j(m) = 0*m**3 - 4*m**2 - 10*m - m**3 + 8*m + 2 - 4. Let b(d) = d + 1. Let x be b(-3). What is j(x)?
-6
Let l(r) = 5*r - 13. Let h(w) = -14*w + 38. Let d(o) = -6*h(o) - 17*l(o). Let t = 13 + -18. Calculate d(t).
-2
Let p(s) = s**3 + 12*s + 5 + 8 - 5*s + 7*s**2 - 4. Calculate p(-6).
3
Let o = 15 + -27/2. Let x(y) be the second derivative of 2*y + 0 - o*y**2 - 1/6*y**3. Determine x(0).
-3
Let g be 2/(-7) - (-66)/(-14). Let c be (-16)/(-12) + 1/(-3). Let q = c + g. Let b(j) = j + 4. What is b(q)?
0
Suppose 0 = -4*a - 12, 2*n + 3*a - 1 - 2 = 0. Let h = n + -12. Let d(u) = -u - 3. Determine d(h).
3
Let s(w) be the second derivative of -w**5/20 + w**4/6 + 2*w**3/3 + 5*w**2/2 - 3*w. Calculate s(4).
-11
Let x = -111 + 106. Let p(c) = -c**3 - 4*c**2 + 4*c - 7. Determine p(x).
-2
Let p(g) = g - 14. Let b be p(18). Let l(q) be the second derivative of 0 - 1/20*q**5 - 4*q + 1/2*q**2 + 1/2*q**b - 7/6*q**3. Determine l(5).
-9
Let p(l) be the third derivative of -1/120*l**6 - 1/20*l**5 + 4*l**2 + 0*l + 1/6*l**4 + 0 - 1/6*l**3. Determine p(-4).
-1
Let j(b) = 5*b**3 - 11*b**2 + 6*b - 4. Let y(p) = -11*p**3 + 23*p**2 - 13*p + 9. Let d(v) = 13*j(v) + 6*y(v). Calculate d(-2).
-10
Let c(o) = -o**2 + 8 + 0 + 1 - 3. Calculate c(0).
6
Let y(s) = -4*s**2 - s + 1. Let u be 77/66 + (-1)/6. Let q be y(u). Let a(z) = -z - 3. Determine a(q).
1
Let f(v) = -v**2 - 3*v + 2. Let d(n) = -n**3 + n**2 + n + 2. Let s be d(0). Let g(p) = -p**2 - 4*p + 3. Let z(h) = s*g(h) - 3*f(h). Determine z(1).
2
Let q(z) be the third derivative of 1/720*z**6 - 1/12*z**4 + 0*z - 1/120*z**5 + 0 - z**2 + 0*z